, 17, 11969
List the prime factors of 19970057.
19970057
What are the prime factors of 172270?
2, 5, 7, 23, 107
What are the prime factors of 2699069?
47, 57427
What are the prime factors of 12796541?
1607, 7963
List the prime factors of 3521322.
2, 3, 7, 27947
What are the prime factors of 3189623?
29, 109987
List the prime factors of 40142.
2, 20071
What are the prime factors of 163420?
2, 5, 8171
What are the prime factors of 4093600?
2, 5, 7, 17, 43
List the prime factors of 2105972.
2, 11, 23, 2081
What are the prime factors of 480338?
2, 240169
List the prime factors of 98911.
98911
What are the prime factors of 31900582?
2, 7, 19, 43, 2789
What are the prime factors of 8545570?
2, 5, 11, 77687
What are the prime factors of 435648?
2, 3, 2269
List the prime factors of 368812.
2, 92203
List the prime factors of 20318723.
17, 167, 421
What are the prime factors of 2676912?
2, 3, 7, 31, 257
What are the prime factors of 763832?
2, 95479
What are the prime factors of 709604?
2, 7, 25343
What are the prime factors of 663929?
7, 94847
List the prime factors of 2142510.
2, 3, 5, 17, 4201
List the prime factors of 925706.
2, 227, 2039
What are the prime factors of 321791?
83, 3877
What are the prime factors of 27236092?
2, 13, 523771
What are the prime factors of 1714950?
2, 3, 5, 37, 103
List the prime factors of 229379.
23, 9973
List the prime factors of 20983115.
5, 373, 11251
What are the prime factors of 3149301?
3, 17, 61751
List the prime factors of 27238.
2, 13619
What are the prime factors of 1591246?
2, 61, 13043
What are the prime factors of 35?
5, 7
What are the prime factors of 2716678?
2, 131, 10369
What are the prime factors of 1121720?
2, 5, 29, 967
List the prime factors of 8411523.
3, 373, 7517
List the prime factors of 70511.
7, 1439
List the prime factors of 1922103.
3, 257, 277
List the prime factors of 5709022.
2, 11, 31, 761
List the prime factors of 2094115.
5, 491, 853
List the prime factors of 19692810.
2, 3, 5, 218809
List the prime factors of 413380.
2, 5, 11, 1879
What are the prime factors of 1215223?
43, 59, 479
What are the prime factors of 8268624?
2, 3, 7, 13, 631
List the prime factors of 179421.
3, 11, 5437
What are the prime factors of 28485347?
11, 2589577
List the prime factors of 1226259.
3, 15139
What are the prime factors of 157764?
2, 3, 13147
List the prime factors of 2795885.
5, 559177
List the prime factors of 447870.
2, 3, 5, 14929
What are the prime factors of 9299288?
2, 257, 4523
What are the prime factors of 1359814?
2, 679907
List the prime factors of 13389681.
3, 173, 25799
List the prime factors of 10114229.
601, 16829
List the prime factors of 4205263.
1327, 3169
List the prime factors of 3601653.
3, 11, 109141
What are the prime factors of 5735591?
29, 197779
List the prime factors of 7017701.
7017701
List the prime factors of 1035996.
2, 3, 13, 29, 229
What are the prime factors of 957597?
3, 37, 8627
List the prime factors of 21619783.
59, 366437
What are the prime factors of 31576439?
31576439
List the prime factors of 10881365.
5, 11, 43, 107
List the prime factors of 1263880.
2, 5, 19, 1663
List the prime factors of 4583438.
2, 17, 134807
List the prime factors of 17938460.
2, 5, 31, 28933
List the prime factors of 4575400.
2, 5, 22877
What are the prime factors of 264233?
19, 13907
List the prime factors of 938065.
5, 163, 1151
List the prime factors of 14752446.
2, 3, 167, 14723
List the prime factors of 793851.
3, 71, 3727
List the prime factors of 4160562.
2, 3, 7, 23, 59, 73
What are the prime factors of 15952057?
11, 139, 10433
What are the prime factors of 14407509?
3, 1747, 2749
What are the prime factors of 1495733?
29, 51577
What are the prime factors of 7830408?
2, 3, 431, 757
What are the prime factors of 4281666?
2, 3, 713611
What are the prime factors of 558442?
2, 279221
List the prime factors of 1750559.
97, 18047
What are the prime factors of 1175994?
2, 3, 79, 827
What are the prime factors of 611508?
2, 3, 131, 389
List the prime factors of 42284.
2, 11, 31
What are the prime factors of 4087793?
19, 61, 3527
What are the prime factors of 16578755?
5, 97, 34183
List the prime factors of 30989.
7, 19, 233
List the prime factors of 35042028.
2, 3, 7, 31, 13457
What are the prime factors of 7980968?
2, 71, 14051
What are the prime factors of 5444812?
2, 367, 3709
What are the prime factors of 16960506?
2, 3, 467, 6053
What are the prime factors of 781057?
23, 29, 1171
What are the prime factors of 1917921?
3, 639307
What are the prime factors of 105030?
2, 3, 5, 389
List the prime factors of 5299.
7, 757
What are the prime factors of 15301838?
2, 7650919
List the prime factors of 12315259.
11, 17, 5987
List the prime factors of 451686.
2, 3, 83, 907
List the prime factors of 32964828.
2, 3, 13, 211313
What are the prime factors of 11665745?
5, 7, 13, 25639
What are the prime factors of 6075205?
5, 17, 71473
What are the prime factors of 9388998?
2, 3, 17, 61, 503
List the prime factors of 254885.
5, 19, 2683
What are the prime factors of 85131?
3, 1051
List the prime factors of 2668454.
2, 349, 3823
What are the prime factors of 660672?
2, 3, 31, 37
List the prime factors of 32611.
32611
What are the prime factors of 781753?
7, 29, 3851
What are the prime factors of 296691?
3, 98897
List the prime factors of 481166.
2, 7, 34369
What are the prime factors of 158673?
3, 227, 233
What are the prime factors of 175325?
5, 7013
List the prime factors of 522583.
23, 22721
List the prime factors of 2381190.
2, 3, 5, 7, 17, 23, 29
What are the prime factors of 25994?
2, 41, 317
List the prime factors of 2250741.
3, 109, 6883
What are the prime factors of 1571517?
3, 174613
What are the prime factors of 31987353?
3, 17, 367, 1709
List the prime factors of 7099477.
7, 11, 137, 673
List the prime factors of 1421403.
3, 229, 2069
What are the prime factors of 2781829?
17, 163637
What are the prime factors of 9011218?
2, 179, 25171
List the prime factors of 218382.
2, 3, 17, 2141
What are the prime factors of 14009834?
2, 67, 104551
List the prime factors of 18402727.
7, 37, 41, 1733
What are the prime factors of 2456490?
2, 3, 5, 81883
List the prime factors of 341555.
5, 68311
What are the prime factors of 11735659?
13, 277, 3259
What are the prime factors of 65391?
3, 71, 307
List the prime factors of 7605382.
2, 97, 197, 199
List the prime factors of 4138216.
2, 517277
List the prime factors of 305714.
2, 152857
What are the prime factors of 2782136?
2, 7, 49681
What are the prime factors of 69751?
11, 17, 373
List the prime factors of 5835008.
2, 23, 991
List the prime factors of 11056109.
11056109
List the prime factors of 3295638.
2, 3, 183091
List the prime factors of 6136563.
3, 19, 199, 541
What are the prime factors of 2409186?
2, 3, 13, 67, 461
What are the prime factors of 446613?
3, 41, 3631
What are the prime factors of 569513?
7, 81359
What are the prime factors of 2050785?
3, 5, 11, 1381
What are the prime factors of 3159918?
2, 3, 163, 359
List the prime factors of 10598402.
2, 193, 27457
What are the prime factors of 4222?
2, 2111
List the prime factors of 35250852.
2, 3, 7, 13, 19, 1699
What are the prime factors of 96652?
2, 73, 331
List the prime factors of 12927639.
3, 79, 54547
List the prime factors of 494334.
2, 3, 29, 947
List the prime factors of 477182.
2, 238591
List the prime factors of 2457659.
139, 17681
What are the prime factors of 9030162?
2, 3, 17, 223, 397
What are the prime factors of 374079?
3, 124693
What are the prime factors of 5236804?
2, 271, 4831
What are the prime factors of 309322?
2, 13, 11897
List the prime factors of 242846.
2, 29, 53, 79
List the prime factors of 11645934.
2, 3, 211, 9199
List the prime factors of 217980.
2, 3, 5, 7, 173
What are the prime factors of 183882?
2, 3, 19, 1613
What are the prime factors of 217552?
2, 13597
What are the prime factors of 1387464?
2, 3, 13, 4447
What are the prime factors of 95455?
5, 17, 1123
List the prime factors of 10204357.
1907, 5351
What are the prime factors of 15344611?
23, 61, 10937
What are the prime factors of 549988?
2, 359, 383
What are the prime factors of 11915583?
3, 3971861
What are the prime factors of 9954357?
3, 7, 474017
List the prime factors of 1275026.
2, 63751